9, 3823177
What are the prime factors of 1889332159?
11, 13, 101, 257, 509
List the prime factors of 302842336.
2, 37, 137, 1867
What are the prime factors of 517156941?
3, 7, 1063, 23167
List the prime factors of 6833492.
2, 1708373
What are the prime factors of 352143834?
2, 3, 7, 19, 41, 47, 229
What are the prime factors of 924055095?
3, 5, 197, 312709
List the prime factors of 4744579574.
2, 7, 31, 139, 78649
List the prime factors of 945953978.
2, 599, 789611
What are the prime factors of 23916233?
11, 2174203
List the prime factors of 1868782980.
2, 3, 5, 47, 662689
List the prime factors of 2418099814.
2, 13, 67, 1388117
List the prime factors of 227107611.
3, 8411393
List the prime factors of 914008.
2, 43, 2657
What are the prime factors of 1020331645?
5, 211, 967139
List the prime factors of 107320748.
2, 677, 39631
List the prime factors of 3079358318.
2, 4643, 331613
What are the prime factors of 34930029?
3, 11643343
List the prime factors of 472103596.
2, 118025899
List the prime factors of 1367318246.
2, 7, 1399, 9973
What are the prime factors of 130022969?
277, 469397
List the prime factors of 1961640926.
2, 7, 4219, 33211
What are the prime factors of 6390343672?
2, 347, 2301997
List the prime factors of 94827619.
467, 203057
List the prime factors of 318244895.
5, 5233, 12163
What are the prime factors of 534450193?
29, 18429317
List the prime factors of 382768986.
2, 3, 63794831
What are the prime factors of 969789597?
3, 7, 73, 632609
What are the prime factors of 358540759?
179, 2003021
What are the prime factors of 1198434066?
2, 3, 157, 1272223
List the prime factors of 16198599.
3, 109, 49537
What are the prime factors of 319143777?
3, 4027, 26417
List the prime factors of 1300252413.
3, 887, 488633
What are the prime factors of 159521872?
2, 19, 524743
What are the prime factors of 450350181?
3, 50038909
List the prime factors of 61421740.
2, 5, 3071087
What are the prime factors of 166754208?
2, 3, 31, 137, 409
What are the prime factors of 441787004?
2, 110446751
What are the prime factors of 18392375?
5, 147139
What are the prime factors of 5037346639?
13, 387488203
List the prime factors of 116915096.
2, 14614387
List the prime factors of 338805368.
2, 11, 3850061
What are the prime factors of 1575806878?
2, 1237, 636947
What are the prime factors of 1657824137?
1013, 1636549
What are the prime factors of 1837774819?
23, 2719, 29387
What are the prime factors of 8099970?
2, 3, 5, 83, 3253
List the prime factors of 21984690.
2, 3, 5, 7, 13, 8053
What are the prime factors of 1139322360?
2, 3, 5, 11, 863123
List the prime factors of 2896792523.
23, 191, 223, 2957
What are the prime factors of 4130495396?
2, 431, 2395879
List the prime factors of 1808099153.
7, 491, 526069
List the prime factors of 578076861.
3, 397, 485371
What are the prime factors of 564510238?
2, 282255119
What are the prime factors of 99010544?
2, 193, 32063
List the prime factors of 133379443.
181, 736903
What are the prime factors of 76908785?
5, 73, 210709
List the prime factors of 175795199.
175795199
What are the prime factors of 143317469?
73, 1963253
What are the prime factors of 3583178382?
2, 3, 7, 85313771
List the prime factors of 17094182.
2, 7, 47, 83, 313
What are the prime factors of 28976618?
2, 11, 1317119
What are the prime factors of 1114225576?
2, 149, 934753
What are the prime factors of 91503502?
2, 45751751
What are the prime factors of 177637672?
2, 59, 376351
List the prime factors of 527114279.
197, 1069, 2503
List the prime factors of 1142701230.
2, 3, 5, 11, 19, 31, 5879
List the prime factors of 40002030.
2, 3, 5, 19, 149, 157
List the prime factors of 1263678747.
3, 109, 3864461
What are the prime factors of 1370697378?
2, 3, 47, 4860629
What are the prime factors of 1212475944?
2, 3, 41, 97, 12703
List the prime factors of 2146167668.
2, 43, 12477719
List the prime factors of 1690807345.
5, 1321, 255989
What are the prime factors of 373130512?
2, 19, 179, 6857
List the prime factors of 58496299.
41, 163, 8753
What are the prime factors of 2795347675?
5, 111813907
What are the prime factors of 3788087?
19, 199373
List the prime factors of 318997530.
2, 3, 5, 1327, 2671
List the prime factors of 533866244.
2, 53, 2518237
What are the prime factors of 339289912?
2, 13, 3262403
What are the prime factors of 366565604?
2, 91641401
List the prime factors of 72827646.
2, 3, 19, 638839
List the prime factors of 127567744.
2, 197, 5059
What are the prime factors of 32716943?
7, 4673849
What are the prime factors of 157508352?
2, 3, 137, 499
What are the prime factors of 647381930?
2, 5, 13, 17, 292933
List the prime factors of 12635114.
2, 17, 19, 19559
What are the prime factors of 169849688?
2, 167, 127133
What are the prime factors of 263055753?
3, 29228417
What are the prime factors of 68928105?
3, 5, 19, 367, 659
What are the prime factors of 150660598?
2, 11, 2161, 3169
What are the prime factors of 9198218?
2, 59, 77951
List the prime factors of 3749459838.
2, 3, 624909973
What are the prime factors of 948966901?
71, 401, 33331
What are the prime factors of 1161959718?
2, 3, 4271, 45343
List the prime factors of 20698278.
2, 3, 3449713
What are the prime factors of 1734158038?
2, 199, 419, 10399
What are the prime factors of 1541570891?
7, 220224413
List the prime factors of 188970457.
13, 14536189
List the prime factors of 702184375.
5, 224699
List the prime factors of 892355217.
3, 13, 2347, 9749
List the prime factors of 175399979.
59, 2972881
List the prime factors of 312832891.
7, 19, 37, 151, 421
List the prime factors of 3289796685.
3, 5, 7, 29, 113, 3187
List the prime factors of 418662652.
2, 23, 47, 96823
List the prime factors of 7429279743.
3, 91719503
List the prime factors of 126393272.
2, 15799159
What are the prime factors of 25538604?
2, 3, 7, 13, 257
What are the prime factors of 39458307?
3, 7, 19, 98893
What are the prime factors of 1182029144?
2, 147753643
What are the prime factors of 434499078?
2, 3, 13, 5570501
What are the prime factors of 853084?
2, 419, 509
What are the prime factors of 169812105?
3, 5, 23, 61, 8069
List the prime factors of 108124992.
2, 3, 29, 6473
What are the prime factors of 25208310?
2, 3, 5, 840277
List the prime factors of 60489899.
1093, 55343
List the prime factors of 94548713.
7, 17, 97, 8191
What are the prime factors of 166215508?
2, 59, 704303
What are the prime factors of 226480537?
6113, 37049
What are the prime factors of 82182737?
7, 13, 41, 22027
List the prime factors of 190690780.
2, 5, 7, 263, 5179
What are the prime factors of 661575120?
2, 3, 5, 2756563
List the prime factors of 126370002.
2, 3, 11, 719, 2663
What are the prime factors of 522306858?
2, 3, 87051143
List the prime factors of 966872332.
2, 41, 97, 60779
What are the prime factors of 2728771520?
2, 5, 23, 499, 743
What are the prime factors of 295286897?
1597, 184901
What are the prime factors of 268527194?
2, 13, 10327969
List the prime factors of 2831297762.
2, 43, 1097, 30011
List the prime factors of 377212974.
2, 3, 223, 281923
What are the prime factors of 53315201?
53315201
List the prime factors of 467362913.
31, 15076223
What are the prime factors of 1113254325?
3, 5, 4947797
What are the prime factors of 1742111326?
2, 503, 1731721
What are the prime factors of 103031768?
2, 7, 1839853
What are the prime factors of 3424379?
7, 489197
List the prime factors of 293790228.
2, 3, 503, 48673
List the prime factors of 576951015.
3, 5, 17, 211, 10723
List the prime factors of 468882982.
2, 179, 1109, 1181
List the prime factors of 3448430.
2, 5, 344843
What are the prime factors of 1533079942?
2, 19, 401, 100609
What are the prime factors of 7185498917?
7185498917
List the prime factors of 426764905.
5, 7, 12193283
List the prime factors of 1351640001.
3, 97, 4644811
What are the prime factors of 519139898?
2, 259569949
What are the prime factors of 1132220470?
2, 5, 5227, 21661
List the prime factors of 80755692.
2, 3, 661, 10181
List the prime factors of 2625881026.
2, 1312940513
What are the prime factors of 905781338?
2, 7, 11, 19, 349, 887
What are the prime factors of 46828091?
46828091
What are the prime factors of 1762751297?
113, 15599569
List the prime factors of 38225